0) in base 11?
-1282
Convert -21880 (base 9) to base 11.
-aa47
Convert 203 (base 8) to base 7.
245
-ddea (base 15) to base 2
-1011011110101100
-3061 (base 7) to base 5
-13242
What is -11024 (base 5) in base 10?
-764
What is 104111 (base 5) in base 16?
e48
Convert 20021 (base 4) to base 2.
1000001001
Convert -101311 (base 7) to base 9.
-25657
11247 (base 8) to base 2
1001010100111
Convert 37167 (base 9) to base 4.
12011200
-4043 (base 7) to base 8
-2573
Convert -6ec (base 15) to base 13.
-93c
What is -1401 (base 12) in base 13?
-1084
Convert 1471 (base 8) to base 4.
30321
-13756 (base 14) to base 2
-1011101111100000
What is 341 (base 9) in base 12?
1b4
What is 115104 (base 6) in base 10?
10192
What is -4896 (base 14) in base 15?
-3b51
What is -10660 (base 8) in base 14?
-1916
What is 1412 (base 9) in base 7?
3050
What is -100000111111 (base 2) in base 4?
-200333
What is -78ca (base 14) in base 11?
-1481a
Convert 11010001101101 (base 2) to base 5.
412141
6528 (base 16) to base 11
18502
Convert 2030002 (base 4) to base 3.
110021221
Convert -124 (base 10) to base 2.
-1111100
What is 25342 (base 6) in base 10?
3806
-1022201 (base 3) to base 16
-3c4
-3030130 (base 4) to base 8
-31434
-94d (base 14) to base 9
-2456
Convert -16997 (base 11) to base 10.
-23822
What is -455 (base 6) in base 12?
-12b
185a (base 15) to base 5
132020
Convert -1896 (base 10) to base 3.
-2121020
Convert -14124 (base 6) to base 9.
-3027
Convert 3492 (base 14) to base 10.
9144
-140 (base 15) to base 8
-435
Convert 22321 (base 4) to base 8.
1271
What is 2100 (base 7) in base 13?
447
What is 5024 (base 6) in base 2?
10001001000
Convert -2ba (base 12) to base 8.
-656
What is -4259 (base 11) in base 13?
-2741
-4848 (base 13) to base 8
-23730
Convert -3230121 (base 4) to base 7.
-62052
What is 2305 (base 6) in base 4?
20201
Convert 225 (base 11) to base 2.
100001101
-190 (base 14) to base 11
-273
What is 7096 (base 13) in base 3?
210021011
Convert -441 (base 5) to base 9.
-144
44422 (base 6) to base 2
1100000111110
What is 1924 (base 11) in base 14?
c6a
What is 112123 (base 5) in base 10?
4038
Convert -17037 (base 9) to base 10.
-11698
Convert -131303 (base 4) to base 5.
-30112
Convert 106333 (base 8) to base 13.
1354a
What is 50228 (base 9) in base 11?
22874
What is 240043 (base 6) in base 11?
14666
-6506 (base 7) to base 11
-180a
Convert -1011110 (base 3) to base 12.
-5a9
b (base 16) to base 10
11
Convert -3604 (base 9) to base 15.
-bd7
Convert -33520 (base 6) to base 11.
-3609
What is -3100133 (base 4) in base 2?
-11010000011111
1573 (base 10) to base 3
2011021
Convert 1422 (base 9) to base 16.
431
Convert -789 (base 11) to base 14.
-4b6
Convert -11100000110100 (base 2) to base 11.
-a8a0
What is -31342 (base 11) in base 13?
-17a27
Convert -1385 (base 15) to base 8.
-10117
What is -40837 (base 10) in base 9?
-62014
532 (base 6) to base 10
200
Convert 6102 (base 7) to base 2.
100000111101
1103 (base 5) to base 10
153
What is -226 (base 8) in base 6?
-410
What is 310a7 (base 13) in base 2?
10101011111010001
-10001110001000000 (base 2) to base 8
-216100
-49b (base 12) to base 16
-2b7
What is 22324 (base 10) in base 14?
81c8
Convert -14053 (base 6) to base 12.
-1329
What is 257 (base 13) in base 14?
214
Convert 1a5a (base 14) to base 2.
1001010110000
Convert 13361 (base 8) to base 3.
22001112
Convert -1212001211 (base 3) to base 13.
-137c8
Convert -1074 (base 8) to base 12.
-3b8
4134 (base 5) to base 13
32b
What is effb (base 16) in base 2?
1110111111111011
-35 (base 11) to base 8
-46
208 (base 15) to base 12
322
-40345 (base 7) to base 2
-10011000111000
What is 7274 (base 11) in base 4?
2112220
Convert 6588 (base 9) to base 16.
12fb
Convert -101112202 (base 3) to base 12.
-4548
Convert -132 (base 15) to base 12.
-1a8
Convert 100011 (base 3) to base 6.
1051
Convert 16222 (base 7) to base 14.
1949
What is 24856 (base 10) in base 11?
17747
What is 22311 (base 4) in base 7?
2010
10114 (base 13) to base 14
a695
-5d2 (base 14) to base 10
-1164
What is 422 (base 13) in base 14?
384
Convert -11222 (base 3) to base 7.
-251
What is -46 (base 8) in base 13?
-2c
340 (base 8) to base 3
22022
Convert -100000101111011 (base 2) to base 9.
-24885
-1311123 (base 4) to base 8
-16533
Convert 26616 (base 9) to base 5.
1033442
Convert 20a (base 12) to base 9.
361
Convert -293 (base 10) to base 8.
-445
Convert -342 (base 8) to base 4.
-3202
What is 200 (base 13) in base 12?
242
What is -9418 (base 16) in base 7?
-215350
Convert 9615 (base 10) to base 9.
14163
What is -5072 (base 15) in base 12?
-99b2
112554 (base 6) to base 11
7335
220 (base 11) to base 7
525
Convert 15371 (base 9) to base 5.
314023
Convert 8805 (base 10) to base 3.
110002010
50342 (base 7) to base 13
5711
2a5 (base 13) to base 5
3343
Convert 15295 (base 11) to base 12.
10636
-230221 (base 4) to base 12
-17a1
Convert -17166 (base 8) to base 3.
-101200211
Convert -106423 (base 7) to base 10.
-19078
What is -2335 (base 6) in base 5?
-4223
Convert 2532 (base 8) to base 16.
55a
What is -2089 (base 13) in base 5?
-121012
-3244 (base 7) to base 6
-5211
43de (base 15) to base 10
14384
What is -1010011011 (base 2) in base 8?
-1233
Convert 1695 (base 15) to base 11.
3723
What is 101122 (base 4) in base 12?
78a
Convert -2111222 (base 3) to base 13.
-ab2
-22132 (base 5) to base 7
-4332
What is 14a6 (base 13) in base 3?
11010110
Convert 11465 (base 7) to base 14.
1135
What is 600 (base 7) in base 11?
248
What is 11000001101100 (base 2) in base 13?
5847
Convert 3420 (base 5) to base 11.
401
Convert -4052 (base 7) to base 3.
-1221012
What is -425 (base 13) in base 11?
-593
Convert -23440 (base 6) to base 12.
-1b80
What is -1202210 (base 3) in base 2?
-10100001010
What is a97 (base 11) in base 9?
1722
What is 247 (base 8) in base 7?
326
1103 (base 11) to base 7
4146
Convert 97b9 (base 13) to base 10.
21108
What is -26045 (base 7) in base 12?
-3ba5
Convert -1174 (base 8) to base 5.
-10021
869 (base 15) to base 8
3553
What is -22312013 (base 4) in base 14?
-12291
Convert 2100 (base 4) to base 15.
99
Convert -201442 (base 6) to base 13.
-7340
2a09 (base 11) to base 7
14213
What is 1a5 (base 14) in base 15?
17b
Convert 201122200 (base 3) to base 13.
66a2
35a (base 14) to base 16
29c
-15606 (base 8) to base 15
-214b
What is -3106 (base 9) in base 15?
-a19
-405 (base 6) to base 4
-2111
What is -7a (base 16) in base 5?
-442
What is -337 (base 13) in base 14?
-2b7
-7048 (base 10) to base 8
-15610
1140 (base 7) to base 3
120120
What is 3204 (base 10) in base 4?
302010
11001101011 (base 2) to base 15
748
What is 241c (base 15) in base 13?
3657
What is 43c (base 16) in base 2?
10000111100
Convert -11770 (base 9) to base 15.
-2530
What is -2255 (base 6) in base 10?
-539
5398 (base 13) to base 16
2d61
What is -111011111100010 (base 2) in base 7?
-155322
What is 825 (base 14) in base 8?
3101
-2b2 (base 14) to base 6
-2312
Convert -101223 (base 4) to base 8.
-2153
324 (base 14) to base 8
1154
Convert 120120 (base 3) to base 11.
352
What is 224 (base 9) in base 13?
112
1521 (base 6) to base 14
213
1111000101 (base 2) to base 9
1282
82 (base 16) to base 4
2002
-15575 (base 10) to base 16
-3cd7
Convert 4a40 (base 11) to base 3.
100000122
What is -5db (base 16) in base 4?
-113123
What is -4358 (base 10) in base 13?
-1ca3
What is 101001101 (base 2) in base 12?
239
Convert -cf3 (base 16) to base 7.
-12444
10130 (base 8) to base 16
1058
-496 (base 15) to base 11
-867
What is 115622 (base 7) in base 15?
6458
What is 24512 (base 6) in base 13?
1874
-4474 (base 10) to base 13
-2062
-1132131 (base 4) to base 3
-22021220
-992 (base 13) to base 16
-668
-32242 (base 9) to base 4
-11031131
Convert -2573 (base 8) to base 14.
-723
-742 (base 11) to base 4
-31331
Convert -8e2 (base 16) to base 7.
-6426
What is -12136 (base 7) in base 6?
-22351
7 (base 15) to base 4
13
Convert 1332211 (base 4) to base 12.
4831
Convert 1601 (base 11) to base 9.
2736
What is -3325 (base 8) in base 3?
-2101210
225 (base 16) to base 8
1045
What is 139c (base 14) in base 2?
110110001110
12702 (base 8) to base 3
21122022
736 (base 9) to base 2
1001011000
What is 3600 (base 13) in base 5?
220410
4215 (base 13) to base 7
35442
Convert 110231 (base 4) to base 6.
10045
What is 18147 (base 13) in base 3?
2100